 the prime factors of 8370600.
2, 3, 5, 7, 1993
What are the prime factors of 2218726?
2, 1109363
What are the prime factors of 145997?
83, 1759
List the prime factors of 1780726.
2, 67, 97, 137
List the prime factors of 1214941.
7, 13, 79
What are the prime factors of 390743?
390743
List the prime factors of 509017.
521, 977
What are the prime factors of 301215?
3, 5, 43, 467
What are the prime factors of 1682454?
2, 3, 280409
List the prime factors of 389277.
3, 7, 37, 167
List the prime factors of 12701439.
3, 1411271
What are the prime factors of 177498?
2, 3, 19, 173
What are the prime factors of 128820?
2, 3, 5, 19, 113
What are the prime factors of 3479243?
67, 51929
What are the prime factors of 12737123?
7, 307, 5927
What are the prime factors of 80300?
2, 5, 11, 73
What are the prime factors of 58482?
2, 3, 19
What are the prime factors of 1309186?
2, 654593
What are the prime factors of 2981362?
2, 43, 34667
What are the prime factors of 3690200?
2, 5, 18451
List the prime factors of 21724663.
21724663
What are the prime factors of 3232643?
3232643
List the prime factors of 2690221.
587, 4583
What are the prime factors of 450070?
2, 5, 45007
List the prime factors of 24463910.
2, 5, 241, 10151
What are the prime factors of 1428260?
2, 5, 71413
What are the prime factors of 82477?
67, 1231
What are the prime factors of 558392?
2, 223, 313
What are the prime factors of 544319?
157, 3467
List the prime factors of 373138.
2, 186569
List the prime factors of 14319648.
2, 3, 7, 7103
What are the prime factors of 7843437?
3, 7, 23, 5413
What are the prime factors of 1078390?
2, 5, 107839
What are the prime factors of 15564210?
2, 3, 5, 518807
List the prime factors of 724097.
11, 65827
List the prime factors of 32426130.
2, 3, 5, 11, 97, 1013
What are the prime factors of 702550?
2, 5, 14051
List the prime factors of 7034668.
2, 17, 103451
What are the prime factors of 1274736?
2, 3, 26557
What are the prime factors of 4250654?
2, 2125327
List the prime factors of 1512524.
2, 13, 17, 29, 59
What are the prime factors of 256543?
7, 67, 547
List the prime factors of 331671.
3, 110557
What are the prime factors of 1226068?
2, 306517
List the prime factors of 216228.
2, 3, 37, 487
List the prime factors of 5659828.
2, 1414957
List the prime factors of 539612.
2, 313, 431
What are the prime factors of 3721836?
2, 3, 47, 6599
What are the prime factors of 249954?
2, 3, 41659
List the prime factors of 4533028.
2, 1133257
What are the prime factors of 5657730?
2, 3, 5, 13, 89, 163
List the prime factors of 12206514.
2, 3, 23, 197, 449
List the prime factors of 233020.
2, 5, 61, 191
List the prime factors of 133860.
2, 3, 5, 23, 97
What are the prime factors of 6825064?
2, 853133
List the prime factors of 277120.
2, 5, 433
List the prime factors of 1394263.
13, 107251
List the prime factors of 5034160.
2, 5, 62927
List the prime factors of 11701359.
3, 19, 41, 1669
List the prime factors of 5219341.
41, 127301
List the prime factors of 2599009.
7, 29, 31, 59
List the prime factors of 499220.
2, 5, 109, 229
List the prime factors of 5237800.
2, 5, 26189
What are the prime factors of 198518?
2, 99259
List the prime factors of 5988405.
3, 5, 399227
What are the prime factors of 377582?
2, 188791
List the prime factors of 1319967.
3, 11, 67, 199
What are the prime factors of 5106901?
5106901
What are the prime factors of 6354112?
2, 101, 983
What are the prime factors of 501441?
3, 59, 2833
What are the prime factors of 317032?
2, 23, 1723
What are the prime factors of 30763?
30763
List the prime factors of 183232.
2, 7, 409
List the prime factors of 7915687.
13, 608899
What are the prime factors of 1670130?
2, 3, 5, 7, 11, 241
What are the prime factors of 35279?
35279
What are the prime factors of 627530?
2, 5, 62753
What are the prime factors of 2554280?
2, 5, 63857
What are the prime factors of 14005097?
14005097
What are the prime factors of 789362?
2, 7, 56383
List the prime factors of 11914024.
2, 1489253
List the prime factors of 325571.
325571
List the prime factors of 320602.
2, 31, 5171
List the prime factors of 1043271.
3, 19, 6101
What are the prime factors of 29803?
29803
List the prime factors of 6147177.
3, 47, 43597
What are the prime factors of 22576780?
2, 5, 307, 3677
List the prime factors of 198953.
198953
List the prime factors of 3316491.
3, 122833
List the prime factors of 20746.
2, 11, 23, 41
What are the prime factors of 1549090?
2, 5, 97, 1597
What are the prime factors of 177521?
167, 1063
What are the prime factors of 1023076?
2, 251, 1019
What are the prime factors of 213464?
2, 26683
List the prime factors of 91240.
2, 5, 2281
List the prime factors of 3291238.
2, 113, 14563
What are the prime factors of 1277630?
2, 5, 127763
List the prime factors of 2411636.
2, 602909
List the prime factors of 10034165.
5, 17, 97, 1217
List the prime factors of 161823.
3, 17, 19, 167
What are the prime factors of 4505848?
2, 53, 10627
List the prime factors of 3559260.
2, 3, 5, 137, 433
List the prime factors of 90517.
7, 67, 193
What are the prime factors of 23501365?
5, 257, 18289
What are the prime factors of 6759404?
2, 17, 107, 929
What are the prime factors of 550769?
61, 9029
What are the prime factors of 4713592?
2, 13, 61, 743
List the prime factors of 4806107.
19, 443, 571
What are the prime factors of 3918313?
7, 17, 19, 1733
List the prime factors of 15141470.
2, 5, 1514147
What are the prime factors of 2598711?
3, 89, 9733
What are the prime factors of 2672497?
2672497
What are the prime factors of 1315017?
3, 11, 37, 359
List the prime factors of 2285113.
29, 78797
List the prime factors of 216148.
2, 54037
What are the prime factors of 8115249?
3, 101, 26783
List the prime factors of 133085.
5, 43, 619
What are the prime factors of 6337870?
2, 5, 7, 11, 8231
List the prime factors of 1575030.
2, 3, 5, 52501
List the prime factors of 40115.
5, 71, 113
List the prime factors of 39320481.
3, 19, 36307
List the prime factors of 35844048.
2, 3, 83, 2999
What are the prime factors of 32072?
2, 19, 211
What are the prime factors of 915651?
3, 11, 3083
List the prime factors of 1487411.
31, 47981
List the prime factors of 1412600.
2, 5, 7, 1009
What are the prime factors of 13736873?
1289, 10657
What are the prime factors of 8500457?
7, 271, 4481
What are the prime factors of 226540?
2, 5, 47, 241
What are the prime factors of 14199850?
2, 5, 7, 29, 1399
What are the prime factors of 349230?
2, 3, 5, 7, 1663
List the prime factors of 97442.
2, 83, 587
List the prime factors of 8872461.
3, 13, 75833
List the prime factors of 560903.
7, 11447
List the prime factors of 527523.
3, 101, 1741
What are the prime factors of 1405378?
2, 13, 191, 283
List the prime factors of 1514468.
2, 67, 5651
What are the prime factors of 772615?
5, 154523
List the prime factors of 951243.
3, 109, 2909
What are the prime factors of 1258147?
11, 114377
List the prime factors of 418132.
2, 11, 13, 17, 43
List the prime factors of 55208.
2, 67, 103
List the prime factors of 6519631.
443, 14717
List the prime factors of 402784.
2, 41, 307
What are the prime factors of 473767?
7, 53, 1277
What are the prime factors of 391871?
31, 12641
List the prime factors of 978142.
2, 11, 173, 257
What are the prime factors of 488812?
2, 122203
What are the prime factors of 226593?
3, 17, 1481
List the prime factors of 2970704.
2, 11, 16879
List the prime factors of 4367065.
5, 751, 1163
List the prime factors of 210995.
5, 19, 2221
What are the prime factors of 2199642?
2, 3, 366607
List the prime factors of 9887055.
3, 5, 659137
What are the prime factors of 280615?
5, 56123
List the prime factors of 166456.
2, 20807
List the prime factors of 266446.
2, 127, 1049
List the prime factors of 996311.
996311
List the prime factors of 12241735.
5, 11, 73, 3049
What are the prime factors of 4944958?
2, 367, 6737
List the prime factors of 2376138.
2, 3, 239, 1657
What are the prime factors of 4022473?
7, 13, 44203
What are the prime factors of 3425569?
7, 489367
What are the prime factors of 4210381?
7, 19, 31657
List the prime factors of 6628914.
2, 3, 368273
What are the prime factors of 382204?
2, 19, 47, 107
List the prime factors of 521210.
2, 5, 52121
List the pri